he tens digit of 10/(-12) - 11765978/(-852)?
0
Let u(i) = -i**3 - 65*i**2 - 478*i - 354. What is the tens digit of u(-66)?
5
Let y be (-2 - 0)*-12*(-2)/(-3). Suppose 7*z + y = 15*z. Suppose 4*l + 1088 = 4*q, q + z*l - 140 = 117. What is the hundreds digit of q?
2
Let s(k) = 21*k - 87. Let d be s(8). Let v = d + 19. What is the tens digit of v?
0
What is the thousands digit of -2 + 1164925/225 - 4/9?
5
Suppose 2*d + 5*m + 18 = 0, 4*m - 12 = 2*d + 3*d. What is the hundreds digit of 13006/d*(-48)/168?
9
Suppose -2*a - a = o - 997, 4*o = 4*a - 1308. Suppose -2*x = g - 0*x - 167, 5*x = -2*g + a. Let z = 313 - g. What is the units digit of z?
0
Let v = -9967 + 13712. What is the tens digit of v?
4
Let i(w) = w - 13. Let j be i(13). Suppose 6*g = -j*g - 330. Let y = g + 121. What is the tens digit of y?
6
Suppose 3*m - 154 = -4*m. What is the tens digit of -1330*6/(-13) + m/143?
1
Suppose 988150 = 36*t - 42638. What is the thousands digit of t?
8
Let y = 16164 - 2742. What is the ten thousands digit of y?
1
Let z = 23397 + 35415. What is the thousands digit of z?
8
Let d = -24 - -38. Suppose 4*f - h - 1156 = 0, 2*f + 4*h - 546 = d. What is the tens digit of f?
8
Suppose 5*j = -5, 4*p + 12863 = 5*j + 40560. What is the thousands digit of p?
6
Let c = 8317 - -823. What is the hundreds digit of c?
1
Let p(a) = a**3 - 8*a**2 + 7*a + 2. Let i be p(7). Suppose -5*u = -5*r - 5, -i*u - 4*r + 9 = -5. Suppose 563 - 131 = u*f. What is the hundreds digit of f?
1
Suppose 0*j + 3*j - u = -15, 0 = 2*u - 6. Let o be 6/(-4)*(j - 28/(-6)). What is the tens digit of (-2 + 3)/(o/(-31))?
3
Let c = -214 + 667. Suppose -c + 51 = 3*y. Let i = 107 - y. What is the units digit of i?
1
What is the hundreds digit of -36813*((0 - 7) + -1 + 266/38)?
8
Suppose 0 = 8*y - 11*y. Suppose -5*j + 3*z = -1192, y*j - 464 = -2*j - 2*z. What is the tens digit of j?
3
Suppose -41*b + 36*b - 5 = 0, 3*b = -2*u + 7. Suppose -3*v - 903 = -14*a + 11*a, -4*v = -u*a + 1504. What is the units digit of a?
0
Suppose -254500 = -32*k + 7*k - 47000. What is the hundreds digit of k?
3
Suppose 763*j + 159552 = 799*j. What is the tens digit of j?
3
Let f = 37 + -33. Suppose -2*t - 6 = -2*o, 7*t = 4*o + f*t - 9. Suppose -3*r + 2*a = -6*r + 138, o = -4*r + 3*a + 167. What is the tens digit of r?
4
Let a(s) = 6360*s**2 + 35*s - 69. What is the ten thousands digit of a(2)?
2
Let d be (-9)/(-3) - 2 - (0 + -169). Suppose 3*h = 2*h + d. Let j = h - 81. What is the units digit of j?
9
Let j(y) = 2 - 6 + 3*y - 17. Let o be j(7). Suppose -2*c = 4*x - 386, o*x + x + 2*c = 92. What is the tens digit of x?
9
Let l = 6530 - 837. What is the hundreds digit of l?
6
Suppose 324*h - 313*h + 1716 = 0. Let x(z) = -4*z**2 + 7*z + 6. Let o be x(-4). Let j = o - h. What is the units digit of j?
0
Let b = -25 - 107. Suppose 8*a = 1721 + 39. Let p = b + a. What is the units digit of p?
8
Let x be 18 + 1 + (10 - 14). Suppose 11*q - 14*q + x = 0. Suppose 3*o - r - 213 = 0, o = 6*o - q*r - 355. What is the tens digit of o?
7
Suppose -3*p = 37 - 1. Suppose -127*x = -104*x - 276. What is the tens digit of (-441)/p - (45/x + -3)?
3
Let w(h) = h + 11. Let s be w(-7). Let j be (s/(-3))/((8/6)/(-2)). Suppose j*f - 260 + 2 = 0. What is the tens digit of f?
2
Let n = 18482 - 9564. What is the units digit of n?
8
Let k = -204 + 204. Suppose k = -2*d - d - r + 1552, 5*d + 4*r - 2582 = 0. What is the units digit of d?
8
Let g(u) = -u**3 + 26*u**2 - 45*u - 54. Let c be g(24). Suppose -c*r = 3*r - 11508. What is the units digit of r?
8
Let t(z) = 5*z**2 - 5*z - 10. Let n be t(-10). Suppose -4*f + n = f. Suppose -l = 4*w - 121 + 18, -l = -w - f. What is the hundreds digit of l?
1
Let y be (13/(65/50))/(1 + 1). Suppose -4*v + 5*j = -623, -5*j + 692 = y*v - 143. What is the tens digit of v?
6
Suppose 2*c = 360 + 1416. Suppose c = -10*l + 3118. Let v = 345 - l. What is the tens digit of v?
2
Suppose 2*k - 30 = -5*t, 0 = 8*k - 4*k - 5*t. Suppose 0 = -5*g - 2*y - 141, -k*y - 85 = 3*g - 4*y. Let o = g - -46. What is the units digit of o?
7
What is the thousands digit of (185 + -4763)*8/(-6)?
6
Let f be 28804/26 + 4/26. Suppose 3*y - f = -0*y + 4*t, y - 3*t = 366. Suppose y = -5*x + 11*x. What is the units digit of x?
2
Let b = -46 + 51. Suppose -f - f = -t - 6, -5*f = -b*t - 15. What is the tens digit of 36 + f*2/(-3)?
3
Suppose -5*l + 5*o = -55865, 3*l - 53080 = 4*o - 19562. What is the tens digit of l?
7
Suppose 2*j + 2*j = -2*d + 1666, 0 = 2*d + 3*j - 1664. Let u = d + -528. What is the tens digit of u?
0
What is the units digit of 9*-9*((-711)/158)/((-6)/(-124))?
3
Let o be 2*2 - 16/4. Let z(b) = -2*b**2 + b + 6. Let g be z(o). Suppose -g*r + 100 = -5*r. What is the hundreds digit of r?
1
Suppose 2 = -2*q, 475 = 2*v + 6*q - 7*q. What is the tens digit of v?
3
Let d(l) = 163*l - 2855. What is the tens digit of d(20)?
0
Suppose 4*l - 2*t + 305 = -t, -5*l = t + 370. What is the units digit of (-2 + l/(-3))*16?
8
Let q(j) = 4*j**2 + 5*j + 20. Suppose -r + 36 = 35. Let m = -7 + r. What is the units digit of q(m)?
4
Suppose -7 = -5*w - 97. Let b be 2/(27/w*4/(-3)). What is the tens digit of 156 + -8 - (-1 - b)?
5
What is the ten thousands digit of (((-441600)/125)/16)/((-6)/800)?
2
Let v(a) = -27*a + 3 - 11 - 62*a + 7. What is the units digit of v(-8)?
1
What is the thousands digit of (-31434585)/(-2457) - 2/(-18)?
2
Suppose 4*g = 16, 3*g = 5*w - w - 8. Suppose t - 45 = i, i - 135 = 4*i + w*t. What is the units digit of (-808)/10*i/18?
2
Let k = 3 + -90. Let t = 42 - k. What is the units digit of t?
9
Let i(u) = 9*u**3 - 15*u**2 + 22*u - 46. What is the units digit of i(10)?
4
Let q = -2248 - -3433. Let j = -739 + q. What is the hundreds digit of j?
4
Let p(w) = 27689*w + 2703. What is the ten thousands digit of p(2)?
5
Suppose -31*p + 83 = -41. Let y(q) = 75*q**2 - 6*q + 63. What is the thousands digit of y(p)?
1
Suppose -2*v + 10 = 3*v. Let u be (2 + 18/(-4))*66/(-55). Suppose -5*l = y + 4, -u*y + l + 66 = -v. What is the tens digit of y?
2
Let q(d) = 10*d**3 + 10*d**2 - 21*d + 10. Let r(t) = 2*t**3 - t**2 - t + 1. Let x(v) = q(v) - 2*r(v). What is the tens digit of x(5)?
6
Let y be (2*-34 + -2)*(-3)/6. Let t = 418 - y. What is the units digit of t?
3
Suppose 243 - 246 = o. Let l be 21 + 7 + -5 - o. Suppose -224 = -l*w + 25*w. What is the hundreds digit of w?
2
Let t = 478 - -31074. What is the ten thousands digit of t?
3
Let x(v) = 20*v**3 - 12*v**2 - 7*v - 79. What is the hundreds digit of x(9)?
4
Let t = -195 + 143. What is the hundreds digit of (-2 + 63)*t/(-13)?
2
Let w = -904 - -908. Suppose 107 = 2*s - y, -w*s = -39*y + 44*y - 249. What is the units digit of s?
6
Let a(s) = 21*s - 4. Let k be a(4). What is the hundreds digit of (-2 - 2)*(-7020)/k?
3
Suppose 0*n - 30 = -6*n. Suppose n*b - 34 = -309. Let o = -30 - b. What is the tens digit of o?
2
Let j(l) = 11*l**2 - 44. Suppose 3 + 5 = -v. What is the hundreds digit of j(v)?
6
Let c(n) = -n**3 + 41*n**2 + 10*n + 49. What is the units digit of c(34)?
1
Suppose 5494 = 5*n - 3*s, 0 = 5*n - 38*s + 43*s - 5510. Let i = n - 432. What is the tens digit of i?
6
Suppose -3574183 = -89*y - 30*y - 72*y. What is the hundreds digit of y?
7
Let d = 207 + -191. Suppose 5*h + 3*i = 5088, 13*i = 17*i + d. What is the units digit of h?
0
Suppose 12 + 4 = -8*p. What is the tens digit of 423*p/(-34) + 6/51?
2
Let m(n) = 21*n - 121. Let y be m(10). Suppose 6*u = y + 13. What is the units digit of u?
7
Let p(g) = g**2 + 8*g - 7. Let u be ((-91)/4)/(11/(-44)). Let d = 102 - u. What is the tens digit of p(d)?
0
Let m(g) = -9*g**2 - 32*g + 12. Let v(p) = p**2 + 1. Let d(o) = m(o) - 3*v(o). Let a be d(-7). Let f = -235 - a. What is the hundreds digit of f?
1
Let o be (-12)/(-9)*2373/14. Suppose 0 = -4*a + 838 + o. What is the tens digit of a?
6
Let h be (4 + 1)/(-1) + 62. Suppose h*z = 58*z - 2. Suppose l + 3*b - 120 = 0, 5*l - 402 = z*l + 5*b. What is the units digit of l?
9
Suppose -140*f + 148*f = 24. What is the hundreds digit of (-14 - -229) + f/3?
2
Let i(a) = 3*a - 34. Let x(v) = -2*v + 22. Let r be x(6). Let u be i(r). What is the units digit of (-6)/u*(1 - -29)?
5
Let n(z) = z**3 - 6*z**2 - 7*z + 2. Let g be n(7). Let f(p) = 3*p**2 + 17 + 3*p**2 - 10*p + 3*p**g - 7*p**2. What is the hundreds digit of f(10)?
1